8. Let y be n(9). Let m(c) = -4*c - 11*c**2 + 4*c + 1. What is m(y)?
-10
Let i(z) = z + 7. Let j be (6/(-1))/(1 + (-3)/(-3)). Determine i(j).
4
Let y(p) = 2*p**2 + 2*p + 4. Let l = -16 - -19. Suppose 15 = l*r + 24. Determine y(r).
16
Let y = -7 + 15. Suppose -4*g - m + 5 = -8, m = 3*g - y. Suppose 9 = -g*k + 3*f, 2*f + 3*f = -2*k + 15. Let d(p) = p**2 - 3. Give d(k).
-3
Let f(y) = 6*y + 7. Let o(h) = -5*h - 6. Suppose -2*d = 3*d + 20. Let z(a) = d*f(a) - 5*o(a). Give z(0).
2
Let k(l) be the third derivative of l**8/10080 + l**7/1680 + l**6/360 - l**5/15 + 5*l**2. Let c(x) be the third derivative of k(x). Give c(-2).
4
Let t(x) = x**2 - x + 4. Let m be t(2). Let b(y) = -y**3 + 6*y**2 - y + 2. Calculate b(m).
-4
Let d(y) = y - 3. Let k(z) = z**3 - 10*z**2 + 9*z + 2. Let a be k(9). Suppose u + 0 = a. What is d(u)?
-1
Let b(d) = -d**2 + 6*d - 6. Let k be b(5). Let y(v) = 1. Let f(j) = 9*j - 1. Let x(c) = -f(c) - 2*y(c). What is x(k)?
8
Let u(j) = j - 2*j**2 - j**3 - j**2 + 0*j**3. Suppose a + 2*a = 12. Suppose a = -3*c - 5. Determine u(c).
-3
Suppose -5*t + 3 = -4*t. Suppose t*x + 2*z + 1 = -2*x, 1 = 5*x + 3*z. Let r(m) = 10*m**2 + m + 1. Give r(x).
10
Suppose -6*f = 52 + 14. Let v(a) = a + 15. Give v(f).
4
Let p = 8 - 5. Let q be 2/(-1 + p)*-1. Let u(m) = 8 - 70*m**3 - 2*m**2 - 7 + 76*m**3. Calculate u(q).
-7
Let n(t) be the second derivative of -t**7/2520 - 7*t**6/720 - 7*t**5/120 + t**4/3 + t. Let w(j) be the third derivative of n(j). Calculate w(-6).
-1
Let i(u) = u**2 - 2*u + 4. Suppose d + 5*r + 11 = -4, 3*r + 9 = d. Suppose d*a + a - 3 = 0. Determine i(a).
7
Let k(q) = q**2 + 3*q + 3. Let g = 0 - 4. Calculate k(g).
7
Let s(o) be the first derivative of 5*o**2/2 - 5*o + 1. Let h(a) = 9*a - 9. Let b(i) = 6*h(i) - 11*s(i). Suppose -2*n + 6 + 2 = 0. What is b(n)?
-3
Let f(c) = -29*c**2 + 53*c**2 + 5 - 25*c**2 + 3*c. Let l(g) = -g**3 + 3*g**2 + 2*g - 2. Suppose 5*n + 2*k - 5 = -0*k, k + 5 = 0. Let q be l(n). What is f(q)?
1
Let c(a) = -a**2 - a + 1. Let m = 17 - 17. Let s be c(m). Let h(p) = 10*p**2. What is h(s)?
10
Let n(m) = 13*m**3 + 24*m**2 + 16*m + 21. Let s(w) = -3*w**3 - 6*w**2 - 4*w - 5. Let p(j) = -2*n(j) - 9*s(j). What is p(-5)?
8
Let u(z) = 6*z**3 - 4*z**2 + 10*z - 9. Let s(b) = b**3 + b - 1. Let a(y) = 5*s(y) - u(y). Let i = 15 + -12. What is a(i)?
-2
Let k be ((-14)/(-4))/(-7)*4. Let o(b) be the third derivative of -b**5/60 - b**4/8 - b**3/3 - 7*b**2. Calculate o(k).
0
Suppose 5*j + 1 = -4*r, 2*r - r = 1. Let b(c) = -3*c**3 - c**2 - 2*c - 1. Give b(j).
3
Let x(n) = -n**3 - 3*n**2 + 6*n + 6. Let q(v) = -2*v + 2. Let k be q(6). Let r = 6 + k. Calculate x(r).
-2
Let l(b) be the first derivative of -b**3/3 + 4*b**2 - b + 7. Let z(q) be the first derivative of l(q). Calculate z(7).
-6
Let k be (-3)/(4 + (-62)/14). Suppose 0 = -2*j + k*j - 15. Let a(b) = b - 5. Calculate a(j).
-2
Suppose -w + 3 = -2*y + 2*w, 0 = 4*y - 3*w - 9. Suppose y*t - t + 1 = s, 3 = -2*t + 3*s. Let a(h) = t*h - h**3 - 3*h**2 + 3*h + 0 + 3. Determine a(-4).
7
Let k(d) be the first derivative of -d**4/2 + d**3/3 - 2. Suppose 0 = -2*j + 8. Suppose 0 = -j*h + h - 3. Determine k(h).
3
Let t = 8 - 14. Let w(p) = -2*p - 1. Let s(c) = -10*c - 1. Let n(j) = s(j) - 6*w(j). Calculate n(t).
-7
Let x(j) be the second derivative of -j**5/4 - j**4/12 + 3*j. Suppose 5 - 20 = -5*i. Suppose 2 + 1 = i*q. What is x(q)?
-6
Let l(o) = -7*o**3 + o**2 + 5*o. Let f(p) = -13*p**3 + p**2 + 10*p - 1. Let n(a) = -6*f(a) + 11*l(a). Give n(-6).
0
Let r(a) = -5*a + 5. Let m(g) = 2*g - 2. Let y be -1*(12 + 0) + 1. Let o(s) = y*m(s) - 4*r(s). Give o(4).
-6
Let f(q) be the second derivative of 3*q**5/10 - q**4/6 + q**3/6 + 7*q. Calculate f(1).
5
Suppose 2*t - 19 = -t + 4*s, 3*s = -12. Let f = t + -4. Let c(z) = -97 - 5*z - 96 - 4*z**2 - z**3 + 189. What is c(f)?
2
Let q(m) = m**2 + m + 1. Let k(j) = -4*j**2 - 5*j - 16. Let y(f) = k(f) + 5*q(f). Let z(l) = -l**2 + l + 10. Let a(v) = 4*y(v) + 5*z(v). Determine a(6).
0
Let p(x) = -10*x**2 + 31*x + 12. Let g(t) = -3*t**2 + 10*t + 4. Let d(b) = 7*g(b) - 2*p(b). What is d(7)?
11
Let y(v) = -v - 1. Let g(c) = c**2 - 6*c + 6. Let t be g(5). Let j be y(t). Let f(r) = r**3 - r + 2. Give f(j).
-4
Let f(j) = 12*j**3 + 5. Let a(y) = -1. Let o(z) = -4*a(z) - f(z). Give o(-1).
11
Let u(a) = a**2 - 7. Let m be ((-1)/(-3))/((-3)/(-27)). Let b(y) = 0*y**2 - 3 - y**2 + 2*y**2 - m + y. Let q(r) = -6*b(r) + 5*u(r). Determine q(-5).
6
Let s(n) be the second derivative of n**4/4 + 2*n + 3. Calculate s(1).
3
Let p = 24 + 7. Suppose -13 = -2*t - p. Let w be 7/(-3) - 3/t. Let l(a) = a**2 + 6*a + 3. Determine l(w).
-5
Suppose 3*t = 6*t - 3. Let r(b) = -10*b**3 - b**2 + 2*b - 1. Determine r(t).
-10
Let w(k) = -11*k + 12. Let m(q) = 5*q - 6. Let l(p) = 5*m(p) + 2*w(p). What is l(4)?
6
Let d(o) = -o**2 - 5*o + 1. Suppose -w = -3 - 1. Suppose 2*x - w*x = 8. Give d(x).
5
Suppose -2*y + 6*y = 12. Let i(h) = h**y + h - 2*h + 2*h**2 + 3*h**2 - 2. Suppose -3*o = -5*x - 10, -4*o = -2*x + 2 + 8. What is i(o)?
3
Let w(a) be the third derivative of 2*a**2 - 1/120*a**5 + 0*a + 0 - 1/3*a**3 + 0*a**4. Let v(f) be the first derivative of w(f). Give v(-1).
1
Let d(c) = -c**3 - 6*c**2 - 6*c - 1. Let v be d(-5). Suppose 3*p = 3*f + 33, -p + v*p - 4*f = 38. Let g(j) = -j**2 + 5*j + 6. Give g(p).
0
Let l = 2 + -3. Let f(p) = -6. Let u(x) = -x - 11. Let i = -27 + 16. Let y(c) = i*f(c) + 6*u(c). Calculate y(l).
6
Suppose 0 = -5*d + 3*i + 10, -2*d - 2*i = -i - 4. Let t(q) = q**3 - 4*q**2 + 3*q - 6. Let p be t(4). Let n(o) = p*o**d - 4*o**2 + 1 + 1 + 5*o. Determine n(-3).
5
Let l(j) = 4*j - 30 + 30. Suppose -6*h = -2*h - 4. Calculate l(h).
4
Let w(p) be the second derivative of -p**4/2 + 5*p**3/6 - 2*p**2 + p. Let f(a) = a**2. Let q(l) = 4*f(l) + w(l). Give q(3).
-7
Let b(z) = -z**2 + 0*z**2 + 1 - 304*z + 299*z. Determine b(-5).
1
Let y(l) = l - 10. Let m(z) = 2*z. Let x be m(4). Let j be y(x). Let t(a) = -a**3 + 2*a**2 + 3*a. Calculate t(j).
10
Suppose 0*h + 14 = h. Let d = h + -8. Let u(c) = -c - d*c - 3*c**2 + 4*c**2. Determine u(6).
-6
Let i(p) = 4*p - 2. Let v be i(2). Let z(s) = s**3 - 7*s**2 + 6*s + 3. What is z(v)?
3
Suppose -5*j = 49 - 14. Suppose 3*w + i = -6, 4*i + 1 = w + 3. Let q = j - w. Let z(u) = u**3 + 5*u**2 - 2*u - 7. Calculate z(q).
3
Let a(j) = -j**2 - 4*j + 3. Let y be a(-3). Let c(t) = -t**3 + 7*t**2 - 6*t - 7. Give c(y).
-7
Let s(n) = -n**3 - 3*n**2 + 3*n - 2. Let l be ((-2)/4)/((-2)/(-16)). Calculate s(l).
2
Let c(a) = -2 - 6*a + 2*a + 2*a + a. Suppose -4 = 2*f - 4*y - 2, -5*y = 0. Determine c(f).
-1
Let m(h) be the third derivative of h**4/24 - h**3 + 3*h**2. Let i be 1*(-4 + 4)/(-2). Give m(i).
-6
Let y(q) = q**2 - 1. Let x(s) = s**2 + s - 7. Let g(p) = x(p) - 6*y(p). Let n = -135 + 136. Give g(n).
-5
Let u(q) = 69 - 139 + q**2 + 75. Determine u(0).
5
Let v(b) = 2*b**3 - b**2. Let m = -31 - 35. Let y = -45 - m. Suppose -y = u + 4*i, -5*i = -i + 20. Determine v(u).
-3
Let s(a) = -14*a - 18. Let b(m) = 5*m + 6. Let w(h) = 11*b(h) + 4*s(h). Give w(-4).
-2
Let x(g) = -4*g - 6. Suppose 4 = 4*k - 4*m, 2*k - 12 = -3*k - 2*m. Let t(r) = -3*r - 5. Let i(l) = k*x(l) - 3*t(l). Calculate i(-6).
-3
Suppose 3*p - 6 = p. Let a(l) be the second derivative of l**4/12 - 5*l**3/6 + l**2 - 8*l. Give a(p).
-4
Let v(w) = w**2 + w - 1. Let x(o) be the second derivative of o**5/20 - o**4/2 - o**3 + 3*o**2 + 5*o. Let d(a) = -6*v(a) - x(a). Give d(2).
-8
Suppose -2*p = -p - 2. Let o be 3 - p/(2/3). Suppose o*l = l. Let m(r) = -r**2 - r - 12. Determine m(l).
-12
Let z = 29 + -26. Let x(v) = v**3 - 4*v**2 + 3. Give x(z).
-6
Let i(s) = -5*s - 4. Let d(q) = q. Let c(j) = -6*d(j) - i(j). What is c(3)?
1
Let d(k) be the third derivative of -k**6/120 - k**5/15 - k**4/6 - k**3/3 + 26*k**2. Let l = -5 + 3. What is d(l)?
-2
Let a(b) = -3*b**3 - 12*b**2 - 14*b - 16. Let n(d) = -4*d**3 - 18*d**2 - 21*d - 24. Let f(o) = -7*a(o) + 5*n(o). Give f(7).
-8
Let t(u) = -u**2 + u + 6. Let a = 2 - 2. Suppose a = -l - 2*l. Suppose l = -0*c + 4*c. Determine t(c).
6
Let u(l) = 3*l**2 + 3*l**2 + l**3 - 2*l**2 + 2*l + 8 - 5. Give u(-4).
-5
Let c(w) = 2*w**2 + w + 2. Let k = -156 - -154. What is c(k)?
8
Let v(f) = 2*f - 8. Let j(n) = 27*n + 0 - 18*n - 16 + n**2. Let p be j(-11). What is v(p)?
4
Let d(i) = -i**3 + 6*i**2 - 